 = -4*a + h + g, h + 6797 = -a + 22325. What is the tens digit of a/161 - (-6)/(-14)?
9
Let i(v) = -v**2 + 23*v - 38. Let n be i(15). Let f = -30 + 47. Let o = n - f. What is the tens digit of o?
6
Let q(x) be the second derivative of -x**4/12 - 16*x**3/3 + 9*x**2 + 100*x. What is the tens digit of q(-11)?
4
Let l(a) = -a**3. Let j(y) = 6*y**3 - 9*y**2 - 10*y - 9. Let o(z) = j(z) + 5*l(z). Let b be o(10). What is the tens digit of (2 - (-3)/(b/8))*-213?
4
Let n(f) = f + 9. Let s be n(-9). Let t be (1 + s)*-1 + (-121)/(-11). What is the tens digit of (-2)/6*(t + -463)?
5
Let h(y) = y**3 + 9*y**2 + y - 11. Let g(t) = t**2 - t - 1. Let s(m) = 4*g(m) - h(m). Let b be s(-4). Suppose 124 = 12*z - b*z. What is the tens digit of z?
2
Let n(g) = 29078*g - 6935. What is the units digit of n(3)?
9
Suppose -v + 4*w + 855 = 0, -5*w + 3399 = 4*v - 0*v. Let i = 1738 - v. What is the tens digit of i?
8
What is the hundreds digit of (5315/20*-1*24)/(6/(-4))?
2
Suppose 38*b - 42*b = -g + 13953, 3*b - 55964 = -4*g. What is the hundreds digit of g?
9
Let w = -35523 + 63571. What is the units digit of w?
8
Let t(b) = -2*b**2 + 7*b - 2. Let f be t(2). Let w(j) = 3*j + 1. Let o be w(1). Suppose 2*z = -4*i + 46 + 40, 0 = o*z - f. What is the units digit of i?
1
Suppose 0 = -3*b - 5*z + 13534, -452*b + 447*b = -2*z - 22598. What is the tens digit of b?
1
Suppose -16768 = -2*h - 4*c, 9*h - 11*h + 5*c = -16723. What is the units digit of h?
4
Let l(n) be the third derivative of n**6/60 - 7*n**4/24 + 15*n**3/2 + 3*n**2 - 5. What is the hundreds digit of l(6)?
4
Let z = 661 - 337. Suppose -z*c + 1385 = -319*c. What is the hundreds digit of c?
2
Suppose 8*b = -27 + 3. Let i be b + -2 + -1 + 3. What is the tens digit of i + (-1 - 44/(-2))?
1
Suppose 0*m - 115 = -3*m + u, 4*m = -u + 151. Suppose 48*z - 4030 = m*z. What is the hundreds digit of z?
4
Let t(s) = s**2 - 4*s + 5. Let v be t(3). Suppose p = -v*p + 33. What is the tens digit of -72*((-22)/p - 1/4)?
6
Let f = -69 - -104. Suppose f = 5*q + 10. Suppose q*a - 3*a = 176. What is the tens digit of a?
8
Suppose -287*u = -293*u - 504. What is the units digit of 2/2 + (2 - 3 - u)?
4
Suppose -8 + 0 = 4*m + 5*j, m + 4*j = 9. Let o be 8*(m/(-14) + 2/8). Suppose -152 = -o*b + 2*b. What is the tens digit of b?
3
Suppose -99667 = -87*q - 26326. What is the hundreds digit of q?
8
Suppose 0*k + 2*k - o = -1546, 3*k = 3*o - 2316. Let b = 1714 + k. What is the hundreds digit of b?
9
Let j = -98 + 335. Suppose -554 = -238*o + j*o. What is the units digit of o?
4
Suppose -4*g + 0*g + 20 = -4*h, 5*g = h + 21. Suppose g*k - 28 = 468. Suppose 4*o = -d + 64, -4*o + k = 2*d - 0*d. What is the tens digit of d?
6
Let p(t) = 69*t**3 + 6*t**2 + 23*t - 85. What is the hundreds digit of p(4)?
5
Suppose -5*c - 4*j = -1, 5*c = -2*j + 4*j + 7. What is the tens digit of (10/(-5) - c)*(0 + -71)?
1
Let r = -343 + 343. Suppose -36*p + 21*p + 15000 = r. What is the hundreds digit of p?
0
Suppose 41*h - 274266 - 150379 = 11267. What is the thousands digit of h?
0
Let k = 707 - -6384. What is the hundreds digit of k?
0
Let n(x) = x**3 + 8*x**2 + 8*x - 8. Let r be n(-4). What is the tens digit of r/(-16)*(-434)/3?
1
Suppose 5*i - 8 = -4*z, -10 = -5*z - 3*i + i. Suppose 0*t = -t + 3*q + 149, -331 = -z*t - 5*q. What is the tens digit of t?
5
Let w(q) = -q**2 + 20*q - 4. Let o be w(20). Let y be o/16*0 + 40. Suppose 42*i = y*i + 232. What is the tens digit of i?
1
Let q(u) = -51*u**3 - 2*u**2 + u + 7. Let x be q(2). Let b = 1542 - x. What is the thousands digit of b?
1
Suppose 7*o - 1456 = 5*o. Let z = o - 433. Let p = -159 + z. What is the hundreds digit of p?
1
What is the units digit of 1533/(-6)*(-32)/56?
6
Suppose 237851 = 5*p + 13*p + 40211. What is the hundreds digit of p?
9
Suppose -36 = -b - 20. Let t = -14 + b. What is the units digit of (-14)/(t*3/(-27))?
3
Suppose -1429 = -11*w + 11276. Suppose -3*a + 3*s + 241 = -449, 0 = 5*a - 4*s - w. What is the units digit of a?
5
Let q be 1 - -6*(4 + (-121)/(-2)). Let u = -13 + 18. Suppose -4*h - a + u*a = -q, -5 = a. What is the units digit of h?
2
Suppose 2*i + 145 = -f - 0*f, 2*i = 3*f + 403. Let w = f + 96. Let q = 58 - w. What is the units digit of q?
9
Let d be 47*(-5 + -1 + 4 + 1). What is the units digit of (45*-1)/(d/1081)?
5
Suppose -18 = -3*y, 24*o = 22*o - 5*y + 15182. What is the tens digit of o?
7
Let v be -36 - ((0 - 4) + 1). Suppose -18*h + 4*h + 658 = 0. Let b = v + h. What is the tens digit of b?
1
Let u(c) = -c**3 + 2*c**2 - c. Let l(g) = 2*g**3 - 16*g**2 - 12*g + 7. Let z(t) = -l(t) - 3*u(t). What is the units digit of z(-5)?
3
Suppose -27*f - 16488 = -9*f. Let p = -719 - f. What is the units digit of p?
7
Suppose 0*g - 19 = -x + g, -g + 76 = 4*x. Suppose -x*d + 11700 = 6*d. What is the tens digit of d?
6
Suppose -4*y + 78 = 9*y. Suppose 4116 = -y*z + 18*z. What is the units digit of z?
3
Let d(o) = -o**3 - 20*o**2 - 19*o + 15. Let l be d(-19). What is the units digit of (-438)/2*(-40)/l?
4
Let j(y) = 176*y**3 + 27*y**2 - 19*y + 161. What is the tens digit of j(6)?
3
What is the thousands digit of 4451 - (22/22 - (0 + 0 + 2))?
4
Suppose -44*r = 75*r - 32606. What is the tens digit of r?
7
Suppose -3*d - 101 = -f, -3*d = f + 40 + 63. Let r be (d/6)/((-2)/24). Let v = -12 + r. What is the units digit of v?
6
Let b(u) = -u**2 + 590. Let z be b(0). Let f = -344 + z. What is the units digit of f?
6
Let r be (-182)/(-49) + (-4)/(-14). Suppose 0 = r*d + w - 16, 0*d - d = 5*w - 4. What is the units digit of 3 + d*21/6?
7
What is the tens digit of (((-894)/5)/3)/(((-81)/(-1665))/(-9))?
2
Let l = 103214 + -72293. What is the hundreds digit of l?
9
Let f be (-363)/(-9) - (2 - (-5)/(-3)). Suppose -474 = -43*s + f*s. What is the hundreds digit of s?
1
Suppose 0 = 2*s + 6*s - 24. What is the units digit of 5852/32 - (-2)/48*s?
3
Let t(r) = -17*r**3 - r - 2. Let k(w) = 3*w**2 - 13*w - 10. Let m be k(5). Let z be m*4/(-12) + -2. What is the hundreds digit of t(z)?
1
What is the ten thousands digit of (8/6)/((-40)/(-30)) - -43232?
4
Let y be (7/(-21))/((-3)/(-135)*3). What is the units digit of (-6)/y*15/(-6) - -185?
2
Let c = 16458 - 5764. What is the hundreds digit of c?
6
Let i(v) = 57*v**2 + 288*v + 15. What is the hundreds digit of i(18)?
6
Suppose 54*f - 393408 = -76982 + 894038. What is the hundreds digit of f?
4
Let z be 48/(-4)*(-35 + -2). Let x = z - 137. What is the units digit of x?
7
Suppose 316 = 4*b - 2*q + 6*q, q = -4*b + 307. Let x = -64 + b. What is the units digit of x?
2
Let m be (-40)/2*((-7)/(-14))/(-1). Suppose b - 473 = -m*b. What is the tens digit of b?
4
Let v(j) = 6*j**2 + 5*j - 2. Let g be v(2). Suppose g*c - 27*c = 325. What is the units digit of c?
5
Suppose 3*v + 140 = -4*c, 3*c + 4*v - 5 + 110 = 0. What is the tens digit of (1/(-1) + -6)*2790/c?
5
Let w = 358 - -33137. What is the thousands digit of w?
3
Let q(s) = 104*s - 105. Let w be q(6). Suppose 0*f = 4*f + 5*y - 2071, y - w = -f. What is the hundreds digit of f?
5
What is the tens digit of 126/(-6300) - 8278203/(-150)?
8
Let a(v) = 9*v**3 - 11*v**2 - v + 29. What is the tens digit of a(10)?
1
Let y(n) = n**2 - n - 10. Let d be 6/((-6)/(-3)) + 46. Let z = d - 58. What is the tens digit of y(z)?
8
Let v(j) = -87 + 0*j + j - 24*j - 13*j - 4*j. What is the hundreds digit of v(-44)?
6
Let u(s) = 27 - 6*s**2 - 6*s**3 - 3*s + 25*s**3 + 3*s**3 - 25. Let c be u(-4). What is the units digit of 8/(-24) + c/(-6)?
8
Suppose -7*x + 3*x = -3*s - 5, -4*s = -3*x - 5. Suppose -o - x*d + 8*d + 660 = 0, 1945 = 3*o - 2*d. What is the hundreds digit of o?
6
Suppose -5*f = 887 - 897. What is the hundreds digit of 4690/45 + 7 + f/(-9)?
1
Let f be ((-876)/10)/((-6)/15). Suppose 4*b + 3*o = 195, 5*o = 4*b - 0*o - f. Suppose 2*v + 180 = 5*x - 3*v, 4*v - b = -x. What is the tens digit of x?
3
Let x be (-5)/(-30)*-3*(-4 + -6). Suppose -u + 47 = 5*w, x*u - 10 - 5 = -3*w. What is the units digit of w?
0
Let l = -3773 + 13031. What is the hundreds digit of l?
2
What is the tens digit of 6/(576/(-5496))*-788?
1
What is the tens digit of (3184/(-6))/((-2895)/(-585) - 5)?
4
Let i be 3/(9/6) + 6538. Suppose -i = -19*g + 4*g. What is the hundreds digit of g?
4
Suppose -11*j + 629 + 911 = 0. What is the units digit of (-15 + 13)*(2 - j)?
6
Suppose 32*